t a = 2116 - g. What is the hundreds digit of a?
6
Suppose -n + 2125 = -6*n + 5*t, 0 = 2*n - 3*t + 855. Let r = 524 + n. What is the units digit of r?
4
Let n be (34 + -33)/(1/(-25)). Let c = 8 - 4. What is the tens digit of 50/c*(-90)/n?
4
Suppose -5*n + 2*j - 6 = -6*n, 2*n - 7 = j. Suppose n*d + 8*c = 13*c + 3786, 3*c - 4714 = -5*d. What is the hundreds digit of d?
9
Suppose 6*v + 14 = 38. Suppose -v*t = 3*i - 1876, -3*t - 8*i + 3*i + 1396 = 0. What is the units digit of t?
2
Let t(h) = 65*h + 196. Let x be t(-3). Let n = 22 + 8. Let q = x + n. What is the tens digit of q?
3
Let a = 147357 - 74937. What is the hundreds digit of a?
4
Let h be (-2041)/(-3) - (20/(-12) + 2). Let y = h + -391. Let b = -42 + y. What is the units digit of b?
7
Let o(p) = -p**2 - 7. Let z(t) = 5*t - 18. Let v be z(5). Let n be o(v). Let d = 226 + n. What is the hundreds digit of d?
1
Let q(c) = -c**3 - 31*c**2 - 57*c + 33. Let p be q(-29). What is the tens digit of 6/(-48)*p*14*-9?
6
Let p(f) = -146*f**2 + 23 - f**3 - 144*f**2 - 3*f + 285*f**2. What is the tens digit of p(-8)?
3
Let k(u) be the third derivative of 1/6*u**4 + 25*u**2 + 0 + 1/40*u**6 + 0*u + 1/60*u**5 + 0*u**3. What is the units digit of k(3)?
2
Let t(k) = 6*k + 27 - 12 - 16. Let b be t(1). Suppose 5*j = -b*z + 490, z + 3*z - 2*j = 404. What is the hundreds digit of z?
1
Let x be (3 - 4)/(1/(-2)). Suppose x*w + 1526 = 4*y, -2*y + 754 = -18*w + 14*w. What is the hundreds digit of y?
3
Let v be (2/(-4))/(7/(-42)). Suppose -5*c - m + 16 = 0, 1 = -v*m + 4. Suppose 0*i - 5*r = -2*i + 261, -5*r = -c*i + 389. What is the tens digit of i?
2
Suppose 80 + 145 = 45*v. What is the hundreds digit of -2170*((-27)/v - (14 + -19))?
8
Let w be 3 + 0 - (-3040)/(80/10). Let d = w - 246. What is the hundreds digit of d?
1
Let w = -88 - -94. Let d be 184 + w + -4 + -1 + 3. Suppose m - d = 14. What is the tens digit of m?
0
Let b = -97 + 41. Let s = b - -62. Suppose s*i - 3*x - 168 = 3*i, 3*i - x = 172. What is the units digit of i?
8
Suppose 267 = -258*s + 255*s. Let k = s + 203. What is the hundreds digit of k?
1
Let x(q) = 841*q + 2170. What is the hundreds digit of x(19)?
1
Suppose 18536 = 19*p - 37381. What is the thousands digit of p?
2
Let m = -788 - -1648. Suppose -3*x + m = -5*t, x + 3*t - 282 = -0*x. What is the hundreds digit of x?
2
Let d(f) = -564*f + 1794. What is the tens digit of d(-14)?
9
Let x(f) = 18*f**2 + 4*f - 6. Let j be x(2). Let m = j - 75. What is the tens digit of 509/5 + m/5*4?
0
Let t = 13903 + -8234. What is the tens digit of t?
6
Suppose 4*o + 6 - 2 = -3*i, 3 = -3*o. Suppose 2*j + 4*x - 688 = 0, -5*j = -i*j + 2*x - 1696. What is the tens digit of j?
3
Let g(u) = u**3 + 14*u**2 + 32*u - 10. Let i be g(-11). Let l = 52 + i. What is the units digit of l?
3
Suppose 205*s - 1150761 - 1042024 = -30*s. What is the tens digit of s?
3
Let l(k) be the third derivative of 11*k**4/8 + 5*k**3/2 + 20*k**2. Let s be l(9). Suppose -4*p + 8*p = s. What is the tens digit of p?
7
Let m be 6/(-21) - -2*2557/14. Suppose n = m - 54. What is the units digit of n?
1
Suppose -48*w = 12*w - 2745180. What is the hundreds digit of w?
7
Let n(m) = -m**3 - 11*m**2 - 13*m - 12. Let b be n(-10). Let g(r) = 12*r - 55. What is the tens digit of g(b)?
6
Suppose 2*x + 5*w - 1793 = 0, 5*w = x - 384 - 505. What is the units digit of x/8*-7*(-48)/126?
8
Suppose -1154636 = -200*w + 28*w. What is the units digit of w?
3
Let r(q) = 2*q**2 - 5*q - 6. Let n be (-6)/((-12)/7)*-2. Let z = 14 + n. What is the units digit of r(z)?
7
Let v be ((-3)/(-36)*4)/(6/1566). Suppose 4*b - 273 - v = 0. What is the units digit of b?
0
Suppose -5*h = 4*f + 12, 5*f + 5*h + 18 = 4*f. Suppose 0*v - v + 7 = c, f*c - 5*v = 0. Suppose i - 4 = -i + r, -2*r = c*i - 28. What is the units digit of i?
4
Suppose 3*v = 5*v + 8. Let s(a) = a**2 + 3*a - 6. Let g be s(v). What is the units digit of (-543)/(-2)*g/(-3)?
1
Suppose 2*r = -264 - 332. What is the tens digit of r/((-3)/(18/6))?
9
Let p(v) = 7*v**2 + 237*v + 125. What is the ten thousands digit of p(-61)?
1
Let y(d) be the third derivative of d**6/120 + 17*d**5/60 + 5*d**4/8 - 7*d**3/3 + d**2. Let n be -16*(-1 - (-15 - -13)). What is the units digit of y(n)?
2
Suppose u = 5*c - 9 + 4, c + 5*u - 1 = 0. What is the tens digit of ((-102)/(-8))/(c - 362/368)?
8
Suppose -3*y + 10409 + 39485 = 5*l, 5*l - 5*y - 49950 = 0. What is the thousands digit of l?
9
Let h(q) = 2*q - 10. Let x be h(14). Suppose 4*m + x = 10. What is the tens digit of (-66 + 26)/((3/m)/3)?
8
Suppose 4*j + 30339 = 5*i, 8671 = 2*i + 3*j - 3437. What is the hundreds digit of i?
0
Suppose -27*r = 35*r - 439084. What is the tens digit of r?
8
Let s be 2*2 + (-9 - -13) - 0. Suppose -26*b + 1512 = -s*b. What is the tens digit of b?
8
Suppose i - 1508 = 3*l - 11051, -2*l + 6349 = -5*i. What is the tens digit of l/4 - (-3)/42*-7?
9
Suppose 0 = 4*p - 2*h - 10, 3 + 9 = 3*p - 3*h. Suppose -1 + 10 = -3*i - 4*q, -2*i - p = q. What is the units digit of 66/i + 6/18*6?
8
Let g(j) = 7*j + 38. Let n(u) = -4*u - 19. Let z be (-2)/14*-23 + (-14)/49. Let c(m) = z*g(m) + 5*n(m). What is the units digit of c(2)?
1
Suppose 2*t - k - 68 = 5, 3*t = -5*k + 77. Let v = -25 + t. What is the units digit of (v/1)/(9/21)?
1
Let s be (-1)/8 - (1 - (-630)/(-48)). Let w be (683 - 1)/(5 + s/(-4)). Let l = w - 220. What is the hundreds digit of l?
1
Let c(o) = o**3 + o**2 - 4. Let s be c(-3). Let t = s - -904. What is the units digit of t?
2
Let w(u) = u**2 - 6*u - 7. Let b be w(-3). Suppose -b*x = -4330 - 3490. What is the hundreds digit of x?
3
Let r(j) = -2*j**3 + 15*j**2 - 52*j - 298. What is the thousands digit of r(-18)?
7
Let a = -5721 + 13351. What is the tens digit of a?
3
Let d = -6385 + 16367. What is the hundreds digit of d?
9
Let d(q) = 358*q**2 + 28*q - 157. What is the hundreds digit of d(8)?
9
Suppose -7*i - 4*f = -3*i - 55064, f = 7*i - 96386. What is the thousands digit of i?
3
Let f(m) = -2*m + 21. Let b be f(7). Suppose -3*g = -5*i + 2032, 4*i - 6*g - 1629 = -b*g. What is the tens digit of i?
0
Let i = -254 - -260. Let t(d) = d**3 - d + 1. Let u(x) = -5*x**3 - 5*x**2 + 13*x - 17. Let k(j) = 6*t(j) + u(j). What is the tens digit of k(i)?
6
Let o(n) = 1096*n - 8260. What is the tens digit of o(32)?
1
Let h be -7*(0 - (1 - 0)) + -2. Suppose h*k + 5*r = -41 + 726, 5*k + 3*r = 695. What is the tens digit of k?
4
Let c = 1101 - 1613. Let r = -240 - c. Suppose -2*k + n - r = -4*k, -n = -k + 142. What is the tens digit of k?
3
Let q = 28305 - 16476. What is the units digit of q?
9
Let m be (-3 + 0)/(26/182). What is the hundreds digit of (12/m)/(2/(-1652))?
4
Let l(d) = -d**3 + 13*d**2 + 2. Let z be l(13). Let p(t) = -9 + 25*t**2 - 8*t**2 - 3*t + z*t. What is the units digit of p(-3)?
7
Let o = -154 - -158. Suppose -5*g = 2*y - 2298, -g + o*y - 1 = -443. What is the units digit of g?
8
Let m(f) = f**3 + 18*f**2 - f - 2. Let u be m(-18). Suppose -u = -4*v + 4. Suppose 335 = -v*o + 10*o. What is the units digit of o?
7
Suppose 43*k - 7904 + 43839 - 329668 = 0. What is the thousands digit of k?
6
Let q(t) = -4*t - 96. Let v be q(-24). Suppose 2*c - 351 - 707 = v. What is the tens digit of c?
2
Let i be (-2)/(2268/(-1127) + 2). Suppose 335 = 166*l - i*l. What is the units digit of l?
7
Suppose -4*k - 18999 = -3*h, -6*k - 2*k = -3*h + 18987. What is the tens digit of h?
3
Let d(f) = f**3 - 16*f**2 - 19*f - 30. Let j = -4 + 21. Let l be d(j). Let v = 16 - l. What is the units digit of v?
0
Let a(j) = -j**3 + 60*j**2 + 93*j - 204. What is the hundreds digit of a(59)?
7
Let s = 60982 + -31221. What is the ten thousands digit of s?
2
Let a(d) = -2*d**3 + 19*d**2 + 9*d + 6. Let x be a(10). Let y(q) = -59*q - 67. What is the hundreds digit of y(x)?
1
Let t = 2565 - 1839. What is the tens digit of t?
2
Let b(w) = 148*w + 3437. What is the tens digit of b(48)?
4
Suppose -2*v + 1043 = -n + 2*n, n = -3*v + 1566. Let w = v + -57. What is the tens digit of w?
6
Let n(b) = 83*b**2 - 317*b - 2928. What is the hundreds digit of n(-10)?
5
Let w(p) = 6*p**2 + 90*p - 44. Let v(b) = b**2 + 18*b - 9. Let t(r) = 11*v(r) - 2*w(r). Let y be 6/2*(7 + 0 - 2). What is the units digit of t(y)?
4
Let u(q) be the second derivative of 2*q**3/3 + 107*q**2 - q + 56. What is the units digit of u(21